{"id":383,"date":"2011-09-29T12:26:57","date_gmt":"2011-09-29T12:26:57","guid":{"rendered":"http:\/\/imamkoy.com\/?page_id=383"},"modified":"2026-04-03T12:27:51","modified_gmt":"2026-04-03T11:27:51","slug":"koy-sulamasi-ve-imamkoy-cayi","status":"publish","type":"page","link":"http:\/\/imamkoy.com\/index.php\/koy-sulamasi-ve-imamkoy-cayi\/","title":{"rendered":"K\u00f6y Sulamas\u0131 ve \u0130mamk\u00f6y \u00c7ay\u0131"},"content":{"rendered":"<p><strong><span style=\"color: #000000;\"><a href=\"http:\/\/imamkoy.com\/wp-content\/uploads\/2011\/09\/DSCF2335.jpg\"><img loading=\"lazy\" decoding=\"async\" class=\"aligncenter size-large wp-image-386\" title=\"DSCF2335\" src=\"http:\/\/imamkoy.com\/wp-content\/uploads\/2011\/09\/DSCF2335-1024x586.jpg\" alt=\"\" width=\"584\" height=\"334\" srcset=\"http:\/\/imamkoy.com\/wp-content\/uploads\/2011\/09\/DSCF2335-1024x586.jpg 1024w, http:\/\/imamkoy.com\/wp-content\/uploads\/2011\/09\/DSCF2335-300x171.jpg 300w, http:\/\/imamkoy.com\/wp-content\/uploads\/2011\/09\/DSCF2335-500x286.jpg 500w\" sizes=\"auto, (max-width: 584px) 100vw, 584px\" \/><\/a><\/span><\/strong><\/p>\n<p style=\"text-align: justify;\"><strong><span style=\"color: #000000;\"><span style=\"color: #ff0000;\">\u0130<\/span><\/span><span style=\"color: #000000;\">mamk\u00f6y&#8217;\u0092de bah\u00e7eler<span style=\"font-size: small;\">,\u00a0\u00a0\u00a0May\u0131s ay\u0131n\u0131n sonundan Haziran ay\u0131n\u0131n ba\u015f\u0131na kadar k\u00f6y i\u00e7erisinden ge\u00e7en dere (\u0130mamk\u00f6y \u00e7ay\u0131)\u2019\u0092den sulan\u0131r. Bu derenin kayna\u011f\u0131 Pa\u015fa Yaylas\u0131d\u0131r. Tar\u0131m arazileri, narenciye bah\u00e7eleri yine bu dere kullan\u0131larak sulan\u0131r. Derenin sonu Menderes Nehrine ula\u015f\u0131r. Yaz aylar\u0131nda, s\u0131caklar\u0131n etkisiyle ve artan kurakl\u0131k nedeniyle derenin suyu \u0131l\u0131ca Deresi\u2019ndeki bah\u00e7elerde ve Il\u0131ca Tesislerinde kullan\u0131ld\u0131\u011f\u0131 i\u00e7in \u0130mamk\u00f6y\u2019ye gelmez, k\u00f6y i\u00e7erisindeki a\u011fa\u00e7lar ve ye\u015fil alanlar maalesef i\u00e7me suyu \u015febekesinden sulan\u0131r. On y\u0131l kadar \u00f6nce k\u00f6y\u00fcn yukar\u0131s\u0131ndan ge\u00e7en DS\u0130 taraf\u0131ndan yap\u0131lan kanalet ile sulama sorunu bir nebze \u00e7\u00f6z\u00fcme kavu\u015fturulmu\u015ftur.\u00a0<\/span><\/span><\/strong><\/p>\n<p><strong><span style=\"color: #000000;\"><span style=\"font-size: small;\"><a href=\"http:\/\/imamkoy.com\/wp-content\/uploads\/2011\/09\/DSCF23421.jpg\"><img loading=\"lazy\" decoding=\"async\" class=\"alignleft size-medium wp-image-391\" title=\"DSCF2342\" src=\"http:\/\/imamkoy.com\/wp-content\/uploads\/2011\/09\/DSCF23421-300x173.jpg\" alt=\"\" width=\"300\" height=\"173\" srcset=\"http:\/\/imamkoy.com\/wp-content\/uploads\/2011\/09\/DSCF23421-300x173.jpg 300w, http:\/\/imamkoy.com\/wp-content\/uploads\/2011\/09\/DSCF23421-500x289.jpg 500w, http:\/\/imamkoy.com\/wp-content\/uploads\/2011\/09\/DSCF23421.jpg 693w\" sizes=\"auto, (max-width: 300px) 100vw, 300px\" \/><\/a><\/span><\/span><\/strong><\/p>\n<p><strong><span style=\"color: #000000;\"><span style=\"font-size: small;\"><span style=\"font-family: Times New Roman;\">\u00a0<\/span><\/span><\/span><\/strong><strong>Bununla birlikte b\u00fcy\u00fck bah\u00e7e sahipleri,\u00a0 kendi imkanlar\u0131 ile artezyen kuyusu kazd\u0131rarak su ihtiya\u00e7lar\u0131n\u0131 kar\u015f\u0131lama y\u00f6n\u00fcne gitmi\u015flerdir.<\/strong><\/p>\n<p><a href=\"http:\/\/imamkoy.com\/wp-content\/uploads\/2011\/09\/APDC00301.jpg\"><img loading=\"lazy\" decoding=\"async\" class=\"alignleft size-medium wp-image-400\" title=\"APDC0030\" src=\"http:\/\/imamkoy.com\/wp-content\/uploads\/2011\/09\/APDC00301-300x225.jpg\" alt=\"\" width=\"300\" height=\"225\" srcset=\"http:\/\/imamkoy.com\/wp-content\/uploads\/2011\/09\/APDC00301-300x225.jpg 300w, http:\/\/imamkoy.com\/wp-content\/uploads\/2011\/09\/APDC00301-1024x769.jpg 1024w, http:\/\/imamkoy.com\/wp-content\/uploads\/2011\/09\/APDC00301-399x300.jpg 399w\" sizes=\"auto, (max-width: 300px) 100vw, 300px\" \/><\/a> \u00a0\u0130<strong><span style=\"color: #000000;\">mamk\u00f6y\u0092\u00fcn sulanabilir arazileri ya artezyen kuyular\u0131 ile ya da DS\u0130 kanaletinden sulanmaktad\u0131r.<\/span><\/strong><\/p>\n<p><strong><span style=\"color: #000000; font-family: Times New Roman; font-size: small;\">DS\u0130 Kanal resmi<\/span><\/strong><\/p>\n<p><a href=\"http:\/\/imamkoy.com\/wp-content\/uploads\/2011\/09\/SUNP0032.jpg\"><img loading=\"lazy\" decoding=\"async\" class=\"aligncenter size-large wp-image-411\" title=\"SUNP0032\" src=\"http:\/\/imamkoy.com\/wp-content\/uploads\/2011\/09\/SUNP0032-1024x635.jpg\" alt=\"\" width=\"584\" height=\"362\" srcset=\"http:\/\/imamkoy.com\/wp-content\/uploads\/2011\/09\/SUNP0032-1024x635.jpg 1024w, http:\/\/imamkoy.com\/wp-content\/uploads\/2011\/09\/SUNP0032-300x186.jpg 300w, http:\/\/imamkoy.com\/wp-content\/uploads\/2011\/09\/SUNP0032-483x300.jpg 483w\" sizes=\"auto, (max-width: 584px) 100vw, 584px\" \/><\/a><\/p>\n<p><strong><span style=\"color: #000000; font-family: Times New Roman; font-size: small;\">\u00a0\u0130mamkoy \u00c7ay\u0131<\/span><\/strong><\/p>\n<p><strong><span style=\"color: #000000; font-family: Times New Roman; font-size: small;\"><a href=\"http:\/\/imamkoy.com\/wp-content\/uploads\/2011\/09\/APDC03501.jpg\"><img loading=\"lazy\" decoding=\"async\" class=\"aligncenter size-large wp-image-414\" title=\"APDC0350\" src=\"http:\/\/imamkoy.com\/wp-content\/uploads\/2011\/09\/APDC03501-1024x935.jpg\" alt=\"\" width=\"584\" height=\"533\" srcset=\"http:\/\/imamkoy.com\/wp-content\/uploads\/2011\/09\/APDC03501-1024x935.jpg 1024w, http:\/\/imamkoy.com\/wp-content\/uploads\/2011\/09\/APDC03501-300x273.jpg 300w, http:\/\/imamkoy.com\/wp-content\/uploads\/2011\/09\/APDC03501-328x300.jpg 328w\" sizes=\"auto, (max-width: 584px) 100vw, 584px\" \/><\/a><\/span><\/strong><\/p>\n<p>De\u011firmen yan\u0131ndaki a\u015fa\u011f\u0131 teneke gerez<\/p>\n<p><a href=\"http:\/\/imamkoy.com\/wp-content\/uploads\/2011\/09\/DSCN2279.jpg\"><img loading=\"lazy\" decoding=\"async\" class=\"aligncenter size-large wp-image-432\" title=\"DSCN2279\" src=\"http:\/\/imamkoy.com\/wp-content\/uploads\/2011\/09\/DSCN2279-1024x638.jpg\" alt=\"\" width=\"584\" height=\"363\" srcset=\"http:\/\/imamkoy.com\/wp-content\/uploads\/2011\/09\/DSCN2279-1024x638.jpg 1024w, http:\/\/imamkoy.com\/wp-content\/uploads\/2011\/09\/DSCN2279-300x187.jpg 300w, http:\/\/imamkoy.com\/wp-content\/uploads\/2011\/09\/DSCN2279-481x300.jpg 481w, http:\/\/imamkoy.com\/wp-content\/uploads\/2011\/09\/DSCN2279.jpg 1402w\" sizes=\"auto, (max-width: 584px) 100vw, 584px\" \/><\/a><\/p>\n<p><a href=\"http:\/\/imamkoy.com\/wp-content\/uploads\/2011\/09\/APDC0246.jpg\"><img loading=\"lazy\" decoding=\"async\" class=\"aligncenter size-large wp-image-417\" title=\"APDC0246\" src=\"http:\/\/imamkoy.com\/wp-content\/uploads\/2011\/09\/APDC0246-1024x700.jpg\" alt=\"\" width=\"584\" height=\"399\" srcset=\"http:\/\/imamkoy.com\/wp-content\/uploads\/2011\/09\/APDC0246-1024x700.jpg 1024w, http:\/\/imamkoy.com\/wp-content\/uploads\/2011\/09\/APDC0246-300x205.jpg 300w, http:\/\/imamkoy.com\/wp-content\/uploads\/2011\/09\/APDC0246-438x300.jpg 438w\" sizes=\"auto, (max-width: 584px) 100vw, 584px\" \/><\/a><\/p>\n<p>Ar\u0131klarda suyun da\u011f\u0131l\u0131m\u0131<\/p>\n<p><a href=\"http:\/\/imamkoy.com\/wp-content\/uploads\/2011\/09\/DSCN2285.jpg\"><img loading=\"lazy\" decoding=\"async\" class=\"aligncenter size-large wp-image-434\" title=\"DSCN2285\" src=\"http:\/\/imamkoy.com\/wp-content\/uploads\/2011\/09\/DSCN2285-1024x666.jpg\" alt=\"\" width=\"584\" height=\"379\" srcset=\"http:\/\/imamkoy.com\/wp-content\/uploads\/2011\/09\/DSCN2285-1024x666.jpg 1024w, http:\/\/imamkoy.com\/wp-content\/uploads\/2011\/09\/DSCN2285-300x195.jpg 300w, http:\/\/imamkoy.com\/wp-content\/uploads\/2011\/09\/DSCN2285-461x300.jpg 461w, http:\/\/imamkoy.com\/wp-content\/uploads\/2011\/09\/DSCN2285.jpg 1497w\" sizes=\"auto, (max-width: 584px) 100vw, 584px\" \/><\/a><\/p>\n<p><strong>\u0130mamk\u00f6y \u00c7ay\u0131 Sonbahar mevsimi<\/strong><\/p>\n<p><a href=\"http:\/\/imamkoy.com\/wp-content\/uploads\/2011\/09\/APDC04881.jpg\"><img loading=\"lazy\" decoding=\"async\" class=\"aligncenter size-large wp-image-488\" title=\"APDC0488\" src=\"http:\/\/imamkoy.com\/wp-content\/uploads\/2011\/09\/APDC04881-1024x642.jpg\" alt=\"\" width=\"584\" height=\"366\" srcset=\"http:\/\/imamkoy.com\/wp-content\/uploads\/2011\/09\/APDC04881-1024x642.jpg 1024w, http:\/\/imamkoy.com\/wp-content\/uploads\/2011\/09\/APDC04881-300x188.jpg 300w, http:\/\/imamkoy.com\/wp-content\/uploads\/2011\/09\/APDC04881-478x300.jpg 478w\" sizes=\"auto, (max-width: 584px) 100vw, 584px\" \/><\/a><\/p>\n<p>\u0130<strong>mamk\u00f6y \u00c7ay\u0131ndan ba\u015fka g\u00f6r\u00fcn\u00fcm<\/strong><\/p>\n<p><a href=\"http:\/\/imamkoy.com\/wp-content\/uploads\/2011\/09\/PICT1785.jpg\"><img loading=\"lazy\" decoding=\"async\" class=\"aligncenter size-large wp-image-2145\" title=\"PICT1785\" src=\"http:\/\/imamkoy.com\/wp-content\/uploads\/2011\/09\/PICT1785-1024x654.jpg\" alt=\"\" width=\"584\" height=\"372\" srcset=\"http:\/\/imamkoy.com\/wp-content\/uploads\/2011\/09\/PICT1785-1024x654.jpg 1024w, http:\/\/imamkoy.com\/wp-content\/uploads\/2011\/09\/PICT1785-300x191.jpg 300w, http:\/\/imamkoy.com\/wp-content\/uploads\/2011\/09\/PICT1785-469x300.jpg 469w\" sizes=\"auto, (max-width: 584px) 100vw, 584px\" \/><\/a><\/p>\n<p><strong><a href=\"http:\/\/imamkoy.com\/wp-content\/uploads\/2011\/09\/SUNP00482.jpg\"><img loading=\"lazy\" decoding=\"async\" class=\"aligncenter size-large wp-image-436\" title=\"SUNP0048\" src=\"http:\/\/imamkoy.com\/wp-content\/uploads\/2011\/09\/SUNP00482-1024x550.jpg\" alt=\"\" width=\"584\" height=\"313\" srcset=\"http:\/\/imamkoy.com\/wp-content\/uploads\/2011\/09\/SUNP00482-1024x550.jpg 1024w, http:\/\/imamkoy.com\/wp-content\/uploads\/2011\/09\/SUNP00482-300x161.jpg 300w, http:\/\/imamkoy.com\/wp-content\/uploads\/2011\/09\/SUNP00482-500x268.jpg 500w\" sizes=\"auto, (max-width: 584px) 100vw, 584px\" \/><\/a><\/strong><\/p>\n<p><strong>Artezye Kuyusu \u0130mamk\u00f6y cami avlusunda<\/strong><\/p>\n","protected":false},"excerpt":{"rendered":"<p>\u0130mamk\u00f6y&#8217;\u0092de bah\u00e7eler,\u00a0\u00a0\u00a0May\u0131s ay\u0131n\u0131n sonundan Haziran ay\u0131n\u0131n ba\u015f\u0131na kadar k\u00f6y i\u00e7erisinden ge\u00e7en dere (\u0130mamk\u00f6y \u00e7ay\u0131)\u2019\u0092den sulan\u0131r. Bu derenin kayna\u011f\u0131 Pa\u015fa Yaylas\u0131d\u0131r. Tar\u0131m arazileri, narenciye bah\u00e7eleri yine bu dere kullan\u0131larak sulan\u0131r. Derenin sonu Menderes Nehrine ula\u015f\u0131r. Yaz aylar\u0131nda, s\u0131caklar\u0131n etkisiyle ve artan kurakl\u0131k nedeniyle derenin suyu \u0131l\u0131ca Deresi\u2019ndeki bah\u00e7elerde ve Il\u0131ca Tesislerinde kullan\u0131ld\u0131\u011f\u0131 i\u00e7in \u0130mamk\u00f6y\u2019ye gelmez, k\u00f6y &hellip; <a href=\"http:\/\/imamkoy.com\/index.php\/koy-sulamasi-ve-imamkoy-cayi\/\" class=\"more-link\">Okumaya devam et <span class=\"screen-reader-text\">K\u00f6y Sulamas\u0131 ve \u0130mamk\u00f6y \u00c7ay\u0131<\/span><\/a><\/p>\n","protected":false},"author":1,"featured_media":0,"parent":0,"menu_order":0,"comment_status":"open","ping_status":"open","template":"","meta":{"footnotes":""},"class_list":["post-383","page","type-page","status-publish","hentry"],"_links":{"self":[{"href":"http:\/\/imamkoy.com\/index.php\/wp-json\/wp\/v2\/pages\/383","targetHints":{"allow":["GET"]}}],"collection":[{"href":"http:\/\/imamkoy.com\/index.php\/wp-json\/wp\/v2\/pages"}],"about":[{"href":"http:\/\/imamkoy.com\/index.php\/wp-json\/wp\/v2\/types\/page"}],"author":[{"embeddable":true,"href":"http:\/\/imamkoy.com\/index.php\/wp-json\/wp\/v2\/users\/1"}],"replies":[{"embeddable":true,"href":"http:\/\/imamkoy.com\/index.php\/wp-json\/wp\/v2\/comments?post=383"}],"version-history":[{"count":41,"href":"http:\/\/imamkoy.com\/index.php\/wp-json\/wp\/v2\/pages\/383\/revisions"}],"predecessor-version":[{"id":10038,"href":"http:\/\/imamkoy.com\/index.php\/wp-json\/wp\/v2\/pages\/383\/revisions\/10038"}],"wp:attachment":[{"href":"http:\/\/imamkoy.com\/index.php\/wp-json\/wp\/v2\/media?parent=383"}],"curies":[{"name":"wp","href":"https:\/\/api.w.org\/{rel}","templated":true}]}}