{"id":3876,"date":"2015-06-05T07:42:10","date_gmt":"2015-06-05T07:42:10","guid":{"rendered":"http:\/\/imamkoy.com\/?page_id=3876"},"modified":"2026-02-25T09:25:31","modified_gmt":"2026-02-25T08:25:31","slug":"imamkoy-eski-kaplicasi-gizemli-magralar-ve-narlidere-kanyonu-ing","status":"publish","type":"page","link":"http:\/\/imamkoy.com\/index.php\/imamkoy-eski-kaplicasi-gizemli-magralar-ve-narlidere-kanyonu-ing\/","title":{"rendered":"\u0130mamk\u00f6y Eski Kapl\u0131cas\u0131, Gizemli Ma\u011fralar ve Narl\u0131 dere Kanyonu (\u0130ng)"},"content":{"rendered":"<p style=\"text-align: justify;\"><a href=\"http:\/\/imamkoy.com\/wp-content\/uploads\/2015\/06\/APDC2395.jpg\"><img loading=\"lazy\" decoding=\"async\" class=\"aligncenter size-full wp-image-3881\" title=\"APDC2395\" src=\"http:\/\/imamkoy.com\/wp-content\/uploads\/2015\/06\/APDC2395.jpg\" alt=\"\" width=\"650\" height=\"488\" srcset=\"http:\/\/imamkoy.com\/wp-content\/uploads\/2015\/06\/APDC2395.jpg 650w, http:\/\/imamkoy.com\/wp-content\/uploads\/2015\/06\/APDC2395-300x225.jpg 300w, http:\/\/imamkoy.com\/wp-content\/uploads\/2015\/06\/APDC2395-399x300.jpg 399w\" sizes=\"auto, (max-width: 650px) 100vw, 650px\" \/><\/a><strong><a href=\"http:\/\/imamkoy.com\/wp-content\/uploads\/2015\/06\/APDC2410.jpg\"><img loading=\"lazy\" decoding=\"async\" class=\"aligncenter size-full wp-image-3905\" title=\"APDC2410\" src=\"http:\/\/imamkoy.com\/wp-content\/uploads\/2015\/06\/APDC2410.jpg\" alt=\"\" width=\"650\" height=\"488\" srcset=\"http:\/\/imamkoy.com\/wp-content\/uploads\/2015\/06\/APDC2410.jpg 650w, http:\/\/imamkoy.com\/wp-content\/uploads\/2015\/06\/APDC2410-300x225.jpg 300w, http:\/\/imamkoy.com\/wp-content\/uploads\/2015\/06\/APDC2410-399x300.jpg 399w\" sizes=\"auto, (max-width: 650px) 100vw, 650px\" \/><\/a>The old spa new spa approximately 2 (two) km above the rocks where the caves between legend is a spa. Narl?dere Kahl. A rumor has it that the Virgin Mary is said to be hiding in this spa and cave. The old structure near the hot springs in front of them and are available. Hot-water bath, which is defined as the natural hot springs, spa as synonymous with the word &#8220;Thermal&#8221; acceptable for application, but also in the same sense Spa, hot springs in the sense that it is being used. Spa and thermal sources, besides the fact that mineral content high removal tool fulfills the function as natural water sources is also therapeutic, healing and drinking purposes. Thermal water can be used, that is the subject of the ground water, the temperature 20 degrees, although it contain at least 1 gram, liter of mineral, respiratory system, skin, blood-skeletal system, heart-circulatory gastro-intestinal-kidney-bladder, female-do?umn\u00f6rolojik is expressed in improving the sickness. ?mamk\u00f6y spring is said to have these features.<\/strong><\/p>\n<p><a href=\"http:\/\/imamkoy.com\/wp-content\/uploads\/2015\/06\/APDC2419.jpg\"><img loading=\"lazy\" decoding=\"async\" title=\"APDC2419\" src=\"http:\/\/imamkoy.com\/wp-content\/uploads\/2015\/06\/APDC2419.jpg\" alt=\"\" width=\"550\" height=\"413\" \/><\/a><\/p>\n<p style=\"text-align: justify;\"><strong>The village makes the old review on hot spring \u0130<span style=\"color: #ff9900;\">mamk\u00f6y<\/span> SARA University art history and Flemish Lecturer Assistant. Assoc.Yrd.Do\u00e7. Dr\u00a0 Mustafa Kemal Sahin, intertwined with the remains of Tomb near the settlement late Roman-early Byzantine periods as in showing that. Thermal structure approximately 10.00 m west of the terrace with kademelendirilen area is a separate area for guests &#8216; accommodation. The batter was founded in a land \u00fczerinedo?u-w direction. 6.65 x 6.65 m square area with non-covered half-dome on squinches with implicit passed is the full wall thickness of 0.65 cm. An introduction to clarity in terms of the South (0.65 x 1.70 m.) is entered, to include the Spa, with still two niches with pointed arches one in the same direction (0.30 x 0.40, 0.30 x 0.55 m) East direction three porthole (0.13 x 0.70, 0.10 x 0.70, 0.13 x 0.70 m) provides a link to other structures in the north direction, possibly a second input (0.65 x 0.80 m) and pointed arched niche deficit (0.37 x 0.66 m) of water source area in the western direction 1.30 x 8.60 m wide and over the vault. Right next to this place in a range of niches with pointed arches (0.45 x 0.71 m.). The central area is a square ((3.55 x 3.65 m.) and a row of seats that has been in the pool, sewage waste 0.20 cm. in size in terms of the narrow channel East ?mamk\u00f6y Creek falls. The production relies on cut stone, rubble stone and brick arches and domes in particular. Hot Springs next to the main building to the North of the structure, which is related to only the remains of walls that can we can talk about the existence of a second building. This is the function does not have enough data to be able to say something about. The hot springs have been used in the construction of the dome of brick.<\/strong><\/p>\n<p style=\"text-align: justify;\"><strong>Accommodation in order to built on the land, still doing batter made 400 x 12.45 m and approximately 2.55 x 2.95 m, which is composed of four panes. The material used is less in terms of quality workmanship g\u00f6steeren structure completely rubble used, ensuring better Spa irinti although intended in some parts of the ruined entrance with a window opening. Probably to take place in January with niches. The structure is covered with the wooden roof. ?mamk\u00f6y old Ibrahim Aydin, a sense of the Interior holds a key to light spa architecture. Germencik Alang\u00fcll\u00fc bath with plan is similar to each other in terms of both architectural features. The use of stone and brick in mainly providing transition to the dome similar to the other direction with jade is one of the Alang\u00fcll\u00fc spring. It must be on the same plane, possibly due to the fault line is located. The exact construction of the structure in which each inscription or document, which specifies the name of the year although there is no about it. Be covered with the dome square area, dome switch systems the use of mainly jade and consists of mainly of stone and brick in aspects is similar to many historical mosques and Ayd?ndaki shrine. Example; Noor Dad (Agrahari) still applied in the center of the province, and in a sense, backing off a plan type \u00dcveys Pa?a (976\/1568) Old-New (Hasan \u00c7elebi) (993\/1585-1899 repair) Ramazan Pa?a, Sar.mae Pasha Mosque in the village of Hammam Nasuh Pa?a Hammam Karahay?t Hamamlardan such as the temperature in the area is crossed with a square section Jade Dome system shows that ?mamk\u00f6y old tradition bath health resort located in the likeness of Atike Lady Moreover also available. Each year the exact construction of the structure, which specifies the name of the Il?ca which although there is no inscription or document are underway in this regard. Square one area the dome have covered, dome switch systems are mainly used in the construction of stone and brick with tromp of the weight consists of showing the similarity of the structures we have given an example of the direction, in terms of the XV century reflect the local traditions of the first half of the XVI century, it is possible to suggest that with.<\/strong><\/p>\n<p style=\"text-align: justify;\"><strong>\u00a0Name: Nermin KARABULUT<\/strong><\/p>\n<p><!--GG--><\/p>\n","protected":false},"excerpt":{"rendered":"<p>The old spa new spa approximately 2 (two) km above the rocks where the caves between legend is a spa. Narl?dere Kahl. A rumor has it that the Virgin Mary is said to be hiding in this spa and cave. The old structure near the hot springs in front of them and are available. Hot-water &hellip; <a href=\"http:\/\/imamkoy.com\/index.php\/imamkoy-eski-kaplicasi-gizemli-magralar-ve-narlidere-kanyonu-ing\/\" class=\"more-link\">Okumaya devam et <span class=\"screen-reader-text\">\u0130mamk\u00f6y Eski Kapl\u0131cas\u0131, Gizemli Ma\u011fralar ve Narl\u0131 dere Kanyonu (\u0130ng)<\/span><\/a><\/p>\n","protected":false},"author":1,"featured_media":0,"parent":0,"menu_order":0,"comment_status":"open","ping_status":"open","template":"","meta":{"footnotes":""},"class_list":["post-3876","page","type-page","status-publish","hentry"],"_links":{"self":[{"href":"http:\/\/imamkoy.com\/index.php\/wp-json\/wp\/v2\/pages\/3876","targetHints":{"allow":["GET"]}}],"collection":[{"href":"http:\/\/imamkoy.com\/index.php\/wp-json\/wp\/v2\/pages"}],"about":[{"href":"http:\/\/imamkoy.com\/index.php\/wp-json\/wp\/v2\/types\/page"}],"author":[{"embeddable":true,"href":"http:\/\/imamkoy.com\/index.php\/wp-json\/wp\/v2\/users\/1"}],"replies":[{"embeddable":true,"href":"http:\/\/imamkoy.com\/index.php\/wp-json\/wp\/v2\/comments?post=3876"}],"version-history":[{"count":16,"href":"http:\/\/imamkoy.com\/index.php\/wp-json\/wp\/v2\/pages\/3876\/revisions"}],"predecessor-version":[{"id":6832,"href":"http:\/\/imamkoy.com\/index.php\/wp-json\/wp\/v2\/pages\/3876\/revisions\/6832"}],"wp:attachment":[{"href":"http:\/\/imamkoy.com\/index.php\/wp-json\/wp\/v2\/media?parent=3876"}],"curies":[{"name":"wp","href":"https:\/\/api.w.org\/{rel}","templated":true}]}}