{"id":3959,"date":"2016-04-27T11:06:45","date_gmt":"2016-04-27T11:06:45","guid":{"rendered":"http:\/\/imamkoy.com\/?page_id=3959"},"modified":"2026-04-03T19:10:42","modified_gmt":"2026-04-03T18:10:42","slug":"bilgilerinize","status":"publish","type":"page","link":"http:\/\/imamkoy.com\/index.php\/bilgilerinize\/","title":{"rendered":"\u0130mamk\u00f6y&#8217;de Ya\u015fayan Yunanl\u0131lar ve Rumlar ve \u0130stiklal Sava\u015f\u0131 (Foto: Yunan Askerleri) Yunan Karargahlar\u0131 Ger\u00e7ek anlat\u0131m."},"content":{"rendered":"<p><a href=\"http:\/\/imamkoy.com\/wp-content\/uploads\/2016\/04\/32868397_1385887578178811_1225517524334936064_o.jpg\"><img loading=\"lazy\" decoding=\"async\" class=\"alignleft  wp-image-4380\" src=\"http:\/\/imamkoy.com\/wp-content\/uploads\/2016\/04\/32868397_1385887578178811_1225517524334936064_o-300x209.jpg\" alt=\"32868397_1385887578178811_1225517524334936064_o\" width=\"353\" height=\"246\" srcset=\"http:\/\/imamkoy.com\/wp-content\/uploads\/2016\/04\/32868397_1385887578178811_1225517524334936064_o-300x209.jpg 300w, http:\/\/imamkoy.com\/wp-content\/uploads\/2016\/04\/32868397_1385887578178811_1225517524334936064_o-1024x713.jpg 1024w, http:\/\/imamkoy.com\/wp-content\/uploads\/2016\/04\/32868397_1385887578178811_1225517524334936064_o-624x434.jpg 624w, http:\/\/imamkoy.com\/wp-content\/uploads\/2016\/04\/32868397_1385887578178811_1225517524334936064_o.jpg 2043w\" sizes=\"auto, (max-width: 353px) 100vw, 353px\" \/><\/a> <a href=\"http:\/\/imamkoy.com\/wp-content\/uploads\/2016\/04\/34881258_595845860789902_1057995520410124288_n-tekrar.jpg\"><img loading=\"lazy\" decoding=\"async\" class=\"alignleft  wp-image-4377\" src=\"http:\/\/imamkoy.com\/wp-content\/uploads\/2016\/04\/34881258_595845860789902_1057995520410124288_n-tekrar-264x300.jpg\" alt=\"34881258_595845860789902_1057995520410124288_n tekrar\" width=\"297\" height=\"338\" srcset=\"http:\/\/imamkoy.com\/wp-content\/uploads\/2016\/04\/34881258_595845860789902_1057995520410124288_n-tekrar-264x300.jpg 264w, http:\/\/imamkoy.com\/wp-content\/uploads\/2016\/04\/34881258_595845860789902_1057995520410124288_n-tekrar.jpg 463w\" sizes=\"auto, (max-width: 297px) 100vw, 297px\" \/><\/a><\/p>\n<p style=\"text-align: justify;\">Yukar\u0131daki Fotograf: AYDIN \u0130MAMK\u00d6Y&#8217;DE YUNAN M\u00dcFREZES\u0130 29 ARALIK 1919 (Platoon, 5th Company, Imamk\u00f6y Aydin on 29 December 1919)KARGAPULO FOTOGRAFI<\/p>\n<p style=\"text-align: justify;\">Konstantin Karkapulo ll.Abd\u00fclhamit taraf\u0131ndan Mabeyn-i H\u00fcmayun (Saray fotograf\u00e7\u0131s\u0131) yap\u0131lm\u0131\u015f 2 y\u0131l bu g\u00f6revden sonra Ayd\u0131n&#8217;a yerle\u015fmi\u015f Ayd\u0131n&#8217;da\u00a0\u00a0 fotograf\u00e7\u0131 kosti olarak tan\u0131n\u0131rm\u0131\u015f<\/p>\n<p style=\"text-align: justify;\">1900&#8217;l\u00fc y\u0131llar\u0131n ilk \u00e7eyre\u011finde \u0130mamk\u00f6y&#8217;de Yerli \u00c7avurlar (Gayrim\u00fcsl\u00fcmler) olarak adland\u0131r\u0131lan yerli Yunanl\u0131lar ve Rumlar y\u00f6redeki baz\u0131 evlerde ya\u015fam\u0131\u015flard\u0131r. Y\u00fczba\u015flar olarak bilinen s\u00fclalenin eski evinde zeytinya\u011f\u0131 \u00fcretim tesisleri var oldu\u011funu k\u00f6y\u00fcn ya\u015fl\u0131lar\u0131 s\u00f6ylemektedir. Buraya ya\u011fhane denilirmi\u015f, \u015eimdiki ad\u0131yla Koca Ba\u011f olarak bilinen yerde \u00fcz\u00fcm ba\u011flar\u0131 varm\u0131\u015f, Bu ba\u011flardan \u015farapl\u0131k \u00fcz\u00fcm yeti\u015ftirilir ve bu yeti\u015fen \u00fcz\u00fcmler \u015farap evleri olarak adland\u0131r\u0131lan yerlerde \u015faraba d\u00f6n\u00fc\u015ft\u00fcr\u00fcl\u00fcrm\u00fc\u015f. \u0130mamk\u00f6y\u0092de o zamanlar baz\u0131 portakal cinslerini de Yunanl\u0131lar a\u015f\u0131 yaparak \u00e7e\u015fitlendirmi\u015flerdir. O d\u00f6nemde eski Tahsildarlar\u0131n evi Yunan eviymi\u015f, Muhacir Osmanl\u0131lar\u0131n evleri, Hocalar\u0131n \u015e\u00fcf\u00fcke&#8217;nin evi, Fetiye Teyzenin evi daha bir\u00e7ok evin Yunan evi oldu\u011fu ya\u015fl\u0131 K\u00f6yl\u00fcler taraf\u0131ndan s\u00f6ylenmektedir. Yukar\u0131 kapl\u0131cada eski yap\u0131lara ait ta\u015flar bulunmaktad\u0131r. 1919 &#8216;da d\u00fc\u015fman askerleri k\u00f6y\u00fcm\u00fcz\u00fc i\u015fgal etti\u011finde \u0130mamk\u00f6y&#8217;\u00fc karargah olarak kullanm\u0131\u015ft\u0131r. \u0130mamk\u00f6y&#8217;deki karargahtan \u00e7evre k\u00f6yler Karak\u00f6y, G\u00f6l\u00e7\u00fck, Kayac\u0131k K\u00f6y\u00fc, Umurlu ve K\u00f6\u015fk il\u00e7elerinin i\u015fgali y\u00f6netilmi\u015ftir. Zamanla Yunanl\u0131lar oralar\u0131 da ellerini ge\u00e7irmi\u015fler ama karargah olarak daima \u0130mamk\u00f6y&#8217;\u00fc kullanm\u0131\u015flad\u0131r. Bu esnada bir\u00e7ok evi de malik\u00e2ne olarak kullan\u0131p, k\u00f6y\u00fc tamamen i\u015fgal etmi\u015flerdir.<\/p>\n<p style=\"text-align: justify;\">K\u00f6yden baz\u0131 ki\u015filer bunlarla sava\u015fm\u0131\u015f isimsiz kahramanlar olarak, orduya kat\u0131lm\u0131\u015f baz\u0131lar\u0131 da \u00e7ete olup da\u011flarda sava\u015flar\u0131n\u0131 s\u00fcrd\u00fcrm\u00fc\u015flerdir bu \u00e7ete olup sava\u015fanlardan en me\u015fhurlar\u0131ndan olan \u00c7ete Emir Ay\u015fe en \u00f6nemli \u00f6rneklerdendir. Bu \u00f6rnek kad\u0131n k\u00f6y\u00fcm\u00fcz i\u00e7in \u00e7al\u0131\u015fm\u0131\u015f b\u00fcy\u00fck ba\u015far\u0131lar elde etmi\u015ftir. M\u00fctevazi tavr\u0131 ile &#8221;<strong>Ben ne yapt\u0131m ki benim yapt\u0131\u011f\u0131m\u0131 herkes yapar&#8221;<\/strong> diyerek al\u00e7ak g\u00f6n\u00fcll\u00fc davranm\u0131\u015ft\u0131r. \u0130\u015fgal eden Yunan birliklerinden k\u00f6y\u00fcm\u00fcz\u00fcn savunmas\u0131z halk\u0131 olan \u00e7ocuklar, ya\u015fl\u0131lar ve engelliler Kar\u015f\u0131yaka&#8217;ya (Menderesten \u00f6te) Menderes nehrini ge\u00e7erek ula\u015fm\u0131\u015flar ve orada ba\u015fka bir yurdumuzu i\u015fgalci olan \u0130talyanlara s\u0131\u011f\u0131nm\u0131\u015flard\u0131r. \u0130talyanlar o d\u00f6nemde k\u00f6t\u00fcn\u00fcn iyisi olarak kabul edilmi\u015ftir. Hi\u00e7 olmazsa \u0130talyanlar sivil halka yemek vermi\u015f, i\u015fkence yapmam\u0131\u015ft\u0131r. Ya\u015fanan zul\u00fcm o boyuttad\u0131r ki yemek verip i\u015fkence yap\u0131lmamas\u0131 bile iyilik olarak alg\u0131lanm\u0131\u015ft\u0131r. Bu s\u00fcre\u00e7te gerek \u00e7ete sava\u015flar\u0131n\u0131n y\u0131ld\u0131r\u0131c\u0131 etkisi gerek T\u00fcrk ordusunun zaferi Yunanl\u0131lar\u0131n k\u00f6y\u00fcm\u00fcz\u00fc terk etmesine vesile olmu\u015ftur. Yunan askerleri k\u00f6y\u00fcm\u00fcz\u00fc terk edince 7 Eyl\u00fcl 1922 y\u0131l\u0131nda Ayd\u0131n&#8217;\u0131n i\u015fgalden kurtulmu\u015f ve sonu\u00e7ta k\u00f6y\u00fcm\u00fczde az Yunanl\u0131 ve Rum olan gayrim\u00fcsl\u00fcm aile kalm\u0131\u015ft\u0131r. S\u00fcre\u00e7 i\u00e7inde onlar da \u0130mamk\u00f6y&#8217;\u00fc terk etmi\u015flerdir.<a href=\"http:\/\/imamkoy.com\/wp-content\/uploads\/2021\/07\/istiklal-masinin-yedinci-kitasi.jpg\"><img loading=\"lazy\" decoding=\"async\" class=\"aligncenter size-full wp-image-6145\" src=\"http:\/\/imamkoy.com\/wp-content\/uploads\/2021\/07\/istiklal-masinin-yedinci-kitasi.jpg\" alt=\"\" width=\"835\" height=\"540\" srcset=\"http:\/\/imamkoy.com\/wp-content\/uploads\/2021\/07\/istiklal-masinin-yedinci-kitasi.jpg 835w, http:\/\/imamkoy.com\/wp-content\/uploads\/2021\/07\/istiklal-masinin-yedinci-kitasi-300x194.jpg 300w, http:\/\/imamkoy.com\/wp-content\/uploads\/2021\/07\/istiklal-masinin-yedinci-kitasi-768x497.jpg 768w\" sizes=\"auto, (max-width: 835px) 100vw, 835px\" \/><\/a><\/p>\n<p>\u0130stiklal Maa\u015f\u0131&#8217;n\u0131n 7. ci k\u0131tas\u0131<\/p>\n<p style=\"text-align: justify;\">Ayd\u0131n kazas\u0131 ve \u00e7evresinde 1919-1920 tarihleri aras\u0131nda Yunan askerleri taraf\u0131ndan i\u015fkal edilen k\u00f6y ve kasabalar\u0131n baz\u0131lar\u0131 isimleri a\u015fa\u011f\u0131dad\u0131r.<\/p>\n<p style=\"text-align: justify;\">Baltak\u00f6y, \u00dcz\u00fcml\u00fc, Ser\u00e7ek\u00f6y, Umurlu, Asi K\u00fcrtler, A\u015fa\u011f\u0131 Domalan, Yukar\u0131 Domalan, Karap\u0131nar, ikizdere, I\u015f\u0131kkl\u0131, Derek\u00f6y, \u00c7erkezk\u00f6y, Karde\u015fk\u00f6y&#8217;d\u00fcr.<\/p>\n<p><strong>Dipnot:<\/strong> Vasilaki Kargopulo, Osmanl\u0131 foto\u011fraf\u00e7\u0131l\u0131\u011f\u0131n\u0131n en \u00fcnl\u00fc isimlerinden biridir. Kendisini foto\u011frafa adayan ve 1850&#8217;den itibaren \u00f6nce Beyoglu&#8217;nda Rus el\u00e7ilisinin yan\u0131nda, sonra da T\u00fcnel&#8217;de, foto\u011fraf st\u00fcdyosu a\u00e7an Kargopulo&#8217;un as\u0131l ad\u0131 Vasilios&#8217;tur. Ancak sarayda \u00e7ok sevildi\u011fi i\u00e7in kendisi gibi Rum as\u0131ll\u0131 olanlar\u0131n isimlerinde yap\u0131lan daki de\u011fi\u015fikli\u011fiyle Vasilaki olarak tan\u0131nm\u0131\u015ft\u0131r. 1826 do\u011fumlu Vasilaki Kargopulo, 2. Abd\u00fclhamid taraf\u0131ndan 1879 y\u0131l\u0131nda Mabeyn-i H\u00fcmayun Foto\u011fraflar\u0131 Memuriyetine yani saray foto\u011fraf\u00e7\u0131l\u0131\u011f\u0131na atanm\u0131\u015ft\u0131r.<\/p>\n<p>Vasilaki Kargopulo, 1879 y\u0131l\u0131nda <span style=\"font-size: revert;\">getirildi\u011fi saray foto\u011fraf\u00e7\u0131l\u0131\u011f\u0131 g\u00f6revini, kalp krizi sonucu \u00f6ld\u00fc\u011f\u00fc 1886 y\u0131l\u0131na kadar s\u00fcrd\u00fcr\u00fcyor. 2.Abd\u00fclhamid, Vasilaki&#8217;ye olan sevgisini yerine o\u011flu Konstantin&#8217;i atayarak s\u00fcrd\u00fcr\u00fcyor. Ancak o\u011ful Kargopulo, bu g\u00f6revde sadece 2 y\u0131l kalabiliyor ve g\u00f6revden al\u0131nd\u0131ktan sonra meslesini Ayd\u0131n&#8217;da s\u00fcrd\u00fcr\u00fcyor. N\u00fcfusunun b\u00fcy\u00fck k\u0131sm\u0131 T\u00fcrklerden olu\u015fan Ayd\u0131n&#8217;da Rum foto\u011fraf\u00e7\u0131 Kosti\u00a0 olarak biliniyor. Ancak aileye ili\u015fkin bilgiler 1922 y\u0131l\u0131na kadar gelip \u00f6tesine gitmiyor. Yaz\u0131m\u0131z yeni veriler toplad\u0131k\u00e7a devam edecektir.\u00a0<\/span><\/p>\n<p>Yunanl\u0131lar k\u00f6yde ba\u011f yeti\u015ftirmi\u015fler. \u00dcz\u00fcmlerinden \u015farap etmi\u015fler Yer : \u015eimdiki koca ba\u011f denilen arazi \u00fczerinde \u015farap mahzenleri varm\u0131\u015f, meyvesi ek\u015fi olan portal a\u011fa\u00e7lar\u0131n\u0131\u00a0 a\u015f\u0131 yaparak washinton tatl\u0131 portakal\u0131 a\u015f\u0131lam\u0131\u015flar.\u00a0 \u015eimdiki Ispartal\u0131lar\u0131n evinin bah\u00e7esindeki portakal a\u011fa\u00e7lar\u0131, ve Sad\u0131k efendilerin portakal bah\u00e7esi, \u0130mamk\u00f6y Yunan fasulyesi ile \u00fcnl\u00fcd\u00fcr. Belki yunanlardan kalma bir \u00fcr\u00fcnd\u00fcr. A\u015fa\u011f\u0131daki fotograf Yunan askerleri \u0130mamk\u00f6y&#8217;de<\/p>\n<p><a href=\"http:\/\/imamkoy.com\/wp-content\/uploads\/2022\/04\/Dd8u826U8AA7GvX.jpg\"><img loading=\"lazy\" decoding=\"async\" class=\"aligncenter  wp-image-7143\" src=\"http:\/\/imamkoy.com\/wp-content\/uploads\/2022\/04\/Dd8u826U8AA7GvX-300x215.jpg\" alt=\"Yunan Askerleri\" width=\"415\" height=\"298\" srcset=\"http:\/\/imamkoy.com\/wp-content\/uploads\/2022\/04\/Dd8u826U8AA7GvX-300x215.jpg 300w, http:\/\/imamkoy.com\/wp-content\/uploads\/2022\/04\/Dd8u826U8AA7GvX-1024x733.jpg 1024w, http:\/\/imamkoy.com\/wp-content\/uploads\/2022\/04\/Dd8u826U8AA7GvX-768x550.jpg 768w, http:\/\/imamkoy.com\/wp-content\/uploads\/2022\/04\/Dd8u826U8AA7GvX.jpg 1200w\" sizes=\"auto, (max-width: 415px) 100vw, 415px\" \/><\/a><\/p>\n<p>Haz\u0131rlayan derleyen: Nermin KARABULUT<\/p>\n<p><span style=\"font-family: 'Times New Roman','serif';\"><span style=\"color: #000000; font-size: medium;\">\u00a0<\/span><\/span> <span style=\"color: #006d21;\">\u00a0<\/span><\/p>\n","protected":false},"excerpt":{"rendered":"<p>Yukar\u0131daki Fotograf: AYDIN \u0130MAMK\u00d6Y&#8217;DE YUNAN M\u00dcFREZES\u0130 29 ARALIK 1919 (Platoon, 5th Company, Imamk\u00f6y Aydin on 29 December 1919)KARGAPULO FOTOGRAFI Konstantin Karkapulo ll.Abd\u00fclhamit taraf\u0131ndan Mabeyn-i H\u00fcmayun (Saray fotograf\u00e7\u0131s\u0131) yap\u0131lm\u0131\u015f 2 y\u0131l bu g\u00f6revden sonra Ayd\u0131n&#8217;a yerle\u015fmi\u015f Ayd\u0131n&#8217;da\u00a0\u00a0 fotograf\u00e7\u0131 kosti olarak tan\u0131n\u0131rm\u0131\u015f 1900&#8217;l\u00fc y\u0131llar\u0131n ilk \u00e7eyre\u011finde \u0130mamk\u00f6y&#8217;de Yerli \u00c7avurlar (Gayrim\u00fcsl\u00fcmler) olarak adland\u0131r\u0131lan yerli Yunanl\u0131lar ve Rumlar y\u00f6redeki &hellip; <a href=\"http:\/\/imamkoy.com\/index.php\/bilgilerinize\/\" class=\"more-link\">Okumaya devam et <span class=\"screen-reader-text\">\u0130mamk\u00f6y&#8217;de Ya\u015fayan Yunanl\u0131lar ve Rumlar ve \u0130stiklal Sava\u015f\u0131 (Foto: Yunan Askerleri) Yunan Karargahlar\u0131 Ger\u00e7ek anlat\u0131m.<\/span><\/a><\/p>\n","protected":false},"author":1,"featured_media":4380,"parent":0,"menu_order":0,"comment_status":"open","ping_status":"open","template":"","meta":{"footnotes":""},"class_list":["post-3959","page","type-page","status-publish","has-post-thumbnail","hentry"],"_links":{"self":[{"href":"http:\/\/imamkoy.com\/index.php\/wp-json\/wp\/v2\/pages\/3959","targetHints":{"allow":["GET"]}}],"collection":[{"href":"http:\/\/imamkoy.com\/index.php\/wp-json\/wp\/v2\/pages"}],"about":[{"href":"http:\/\/imamkoy.com\/index.php\/wp-json\/wp\/v2\/types\/page"}],"author":[{"embeddable":true,"href":"http:\/\/imamkoy.com\/index.php\/wp-json\/wp\/v2\/users\/1"}],"replies":[{"embeddable":true,"href":"http:\/\/imamkoy.com\/index.php\/wp-json\/wp\/v2\/comments?post=3959"}],"version-history":[{"count":53,"href":"http:\/\/imamkoy.com\/index.php\/wp-json\/wp\/v2\/pages\/3959\/revisions"}],"predecessor-version":[{"id":10049,"href":"http:\/\/imamkoy.com\/index.php\/wp-json\/wp\/v2\/pages\/3959\/revisions\/10049"}],"wp:featuredmedia":[{"embeddable":true,"href":"http:\/\/imamkoy.com\/index.php\/wp-json\/wp\/v2\/media\/4380"}],"wp:attachment":[{"href":"http:\/\/imamkoy.com\/index.php\/wp-json\/wp\/v2\/media?parent=3959"}],"curies":[{"name":"wp","href":"https:\/\/api.w.org\/{rel}","templated":true}]}}