{"id":544,"date":"2011-10-07T13:58:59","date_gmt":"2011-10-07T13:58:59","guid":{"rendered":"http:\/\/imamkoy.com\/?page_id=544"},"modified":"2025-09-29T11:39:16","modified_gmt":"2025-09-29T10:39:16","slug":"imamkoyun-eski-cesmeleri-ve-sokak-firinlari","status":"publish","type":"page","link":"http:\/\/imamkoy.com\/index.php\/imamkoyun-eski-cesmeleri-ve-sokak-firinlari\/","title":{"rendered":"\u0130mamk\u00f6y&#8217;\u00fcn Eski Sokak \u00c7e\u015fmeleri ve Sokak F\u0131r\u0131nlar\u0131 Foto\u011fraflarla (Eski K\u00fclt\u00fcrlerimiz)"},"content":{"rendered":"<p><span style=\"color: #ff0000;\"><strong>SOKAK \u00c7E\u015eMELER\u0130 \u00c7EVRE HABERLER\u0130N SUNULDU\u011eU YER<\/strong><\/span><\/p>\n<p><a href=\"http:\/\/imamkoy.com\/wp-content\/uploads\/2011\/10\/APDC0101.jpg\"><img loading=\"lazy\" decoding=\"async\" class=\"aligncenter  wp-image-545\" src=\"http:\/\/imamkoy.com\/wp-content\/uploads\/2011\/10\/APDC0101-300x286.jpg\" alt=\"SOKAK \u00c7E\u015eMES\u0130 ve AHIR\" width=\"354\" height=\"338\" srcset=\"http:\/\/imamkoy.com\/wp-content\/uploads\/2011\/10\/APDC0101-300x286.jpg 300w, http:\/\/imamkoy.com\/wp-content\/uploads\/2011\/10\/APDC0101-1024x978.jpg 1024w, http:\/\/imamkoy.com\/wp-content\/uploads\/2011\/10\/APDC0101-314x300.jpg 314w\" sizes=\"auto, (max-width: 354px) 100vw, 354px\" \/><\/a><\/p>\n<p><strong>&nbsp;<span style=\"color: #ff0000;\">\u00c7e\u015fme:<\/span> \u00c7e\u015fme Fars\u00e7adan gelen bir c\u00fcmledir. G\u00f6z anlam\u0131ndad\u0131r. <\/strong><strong>(\u0085..-1976)&nbsp; y\u0131llar\u0131 aras\u0131nda&nbsp; \u00e7e\u015fmeler evde olmad\u0131\u011f\u0131 i\u00e7in mahalle aralar\u0131nda yak\u0131n mesafelerde herkesin su ihtiyac\u0131n\u0131 kar\u015f\u0131layacak \u00e7e\u015fmeler vard\u0131. Bunlar baz\u0131 evlere \u00e7ok yak\u0131n, baz\u0131lar\u0131na uzakt\u0131. \u015eans meselesi, yak\u0131n olanlar \u015fansl\u0131yd\u0131. \u0130nsanlar evlerinin \u00f6n\u00fcn\u00fc (toprak) bah\u00e7eleri, sokaklar\u0131&nbsp; buradan sularlard\u0131. O d\u00f6nemde \u0130mamk\u00f6y&#8217;de ve muhtemelen di\u011fer k\u00f6ylerde de ya\u015fam buydu. Orhan Veli&#8217;nin &#8220;Bedava&#8221; \u015fiirindeki gibiydi.<\/strong><\/p>\n<p><strong>Sokak \u00e7e\u015fmelerinin i\u015flevleri aras\u0131nda \u00f6n\u00fcndeki ah\u0131rdan &nbsp;hayvan sulamak da vard\u0131. Baz\u0131 \u00e7e\u015fmelerin \u00f6n\u00fcne hayvanlar\u0131n su i\u00e7mesi i\u00e7in aha (ahar) yap\u0131l\u0131rd\u0131. Bunlar s\u0131k s\u0131k bo\u015falt\u0131l\u0131r ah\u0131r y\u0131kan\u0131r \u00e7al\u0131 s\u00fcp\u00fcrge etraf\u0131 temizlenir s\u00fcp\u00fcr\u00fcl\u00fcrd\u00fc. \u00d6zel g\u00fcnlerde bayramlarda beyaz kire\u00e7le kire\u00e7lenir, eski k\u00f6y halk\u0131 temizli\u011fe \u00e7ok \u00f6nem verilirdi.<\/strong><\/p>\n<p><strong>&nbsp;&nbsp;&nbsp;&nbsp;&nbsp;&nbsp;&nbsp;&nbsp;&nbsp;&nbsp;&nbsp;\u00c7e\u015fmeler ayn\u0131 zamanda k\u00f6yde sosyal ya\u015fam\u0131n merkezleri ars\u0131ndayd\u0131. Suya testiyle, bardakla, kovalarla gidilirdi.&nbsp; \u00c7e\u015fme ba\u015f\u0131nda s\u0131ra bekleyenler muhabbet eder,&nbsp; yemek i\u00e7in ne yapt\u0131klar\u0131n\u0131 veya yapacaklar\u0131n\u0131 anlat\u0131rlar ve daha ne sohbetler, gazeteleri aratmayacak haberler, magazin t\u00fcr\u00fc konu\u015fmalar yaparlard\u0131. Kim kimi sevmi\u015f, kimin \u00e7ocu\u011fu olacak, evlenecekler, ni\u015fanlanacaklar, hastalar, \u00f6lenler, inekleri do\u011fanlar, k\u0131zlar\u0131na g\u00f6r\u00fcc\u00fc gelenler v.s gibi haberler \u00e7e\u015fme ba\u015f\u0131nda su doldururken s\u0131ra beklerken konu\u015fulurdu. K\u00f6yde ya\u015fam buydu.<\/strong><\/p>\n<p><strong>Orhan Veli&#8217;nin &#8220;Bedava&#8221; \u015fiirindeki gibiydi.<\/strong><\/p>\n<p style=\"text-align: center;\"><span style=\"font-size: small;\"><span style=\"color: #000000;\"><span style=\"color: #ff0000;\"><a href=\"http:\/\/imamkoy.com\/wp-content\/uploads\/2011\/10\/PICT10031.jpg\"><span style=\"color: #ff0000;\"><img loading=\"lazy\" decoding=\"async\" class=\" wp-image-592 aligncenter\" title=\"PICT1003\" src=\"http:\/\/imamkoy.com\/wp-content\/uploads\/2011\/10\/PICT10031-218x300.jpg\" alt=\"\" width=\"334\" height=\"460\" srcset=\"http:\/\/imamkoy.com\/wp-content\/uploads\/2011\/10\/PICT10031-218x300.jpg 218w, http:\/\/imamkoy.com\/wp-content\/uploads\/2011\/10\/PICT10031-744x1024.jpg 744w, http:\/\/imamkoy.com\/wp-content\/uploads\/2011\/10\/PICT10031.jpg 792w\" sizes=\"auto, (max-width: 334px) 100vw, 334px\" \/><\/span><\/a><\/span><\/span><\/span><span style=\"color: #ff0000; font-family: Times New Roman;\"><span style=\"font-size: small;\"> &nbsp;<\/span><\/span><strong>Bedava ya\u015f\u0131yoruz, bedava;<\/strong><br \/>\n<strong>Hava bedava, bulut bedava;<\/strong><br \/>\n<strong>Dere tepe bedava;<\/strong><br \/>\n<strong>Ya\u011fmur \u00e7amur bedava;<\/strong><br \/>\n<strong>Otomobillerin d\u0131\u015f\u0131,<\/strong><br \/>\n<strong>Sinemalar\u0131n kap\u0131s\u0131,<\/strong><br \/>\n<strong>Camek\u00e2nlar bedava;<\/strong><br \/>\n<strong>Peynir ekmek de\u011fil ama<\/strong><br \/>\n<strong>Ac\u0131 su bedava;<\/strong><br \/>\n<strong>Kelle fiyat\u0131na h\u00fcrriyet,<\/strong><br \/>\n<strong>Esirlik bedava;<\/strong><br \/>\n<strong>Bedava ya\u015f\u0131yoruz, bedava.<\/strong><\/p>\n<p><strong>Yani sokak \u00e7e\u015fmelerinin di\u011fer bir avantaj\u0131 bedava olmas\u0131yd\u0131. <\/strong><\/p>\n<p><strong>\u00c7ayy\u00fcz\u00fc mahallesindeki bu \u00e7e\u015fmenin ta\u015f\u0131 eski de\u011firmen ta\u015f\u0131 de\u011ferlendirilerek \u00e7e\u015fme \u00fczerine monte edilmi\u015f de\u011fi\u015fik bir model \u00e7\u0131kart\u0131lm\u0131\u015ft\u0131r.<\/strong><\/p>\n<p><strong>&nbsp;<\/strong><span style=\"color: #ff0000; font-family: Times New Roman;\"><span style=\"font-size: small;\"><strong>&nbsp;<\/strong><\/span><\/span><span style=\"color: #3366ff;\"><span style=\"font-size: small;\"><span style=\"font-family: Times New Roman;\"><a href=\"http:\/\/imamkoy.com\/wp-content\/uploads\/2011\/10\/DSCN22186.jpg\"><span style=\"color: #3366ff;\"><img loading=\"lazy\" decoding=\"async\" class=\"alignleft size-thumbnail wp-image-588\" title=\"DSCN2218\" src=\"http:\/\/imamkoy.com\/wp-content\/uploads\/2011\/10\/DSCN22186-150x150.jpg\" alt=\"\" width=\"150\" height=\"150\"><\/span><\/a><\/span><\/span><strong>&nbsp;<span style=\"color: #000000;\">Tahsildarlar\u0131n \u00c7e\u015fmesi<\/span><\/strong><\/span><\/p>\n<p><strong>\u00c7e\u015fme sular\u0131 \u00e7e\u015fmenin deposunda toplan\u0131r, sonra buradan da\u011f\u0131t\u0131l\u0131rd\u0131. \u0130mamk\u00f6y \u00e7e\u015fmelerinin en eskileri,&nbsp; Tahsildarlar\u0131n \u00e7e\u015fmesi ve Sad\u0131k \u00e7e\u015fmesidir.<\/strong><\/p>\n<p><strong>Sad\u0131k Efendilerin&nbsp; \u00e7e\u015fmesinin yap\u0131m tarihi bile eski T\u00fcrk\u00e7e yaz\u0131lm\u0131\u015ft\u0131r.<\/strong><\/p>\n<p><a href=\"http:\/\/imamkoy.com\/wp-content\/uploads\/2011\/10\/APDC0390.jpg\"><img loading=\"lazy\" decoding=\"async\" class=\"alignleft  wp-image-598\" title=\"APDC0390\" src=\"http:\/\/imamkoy.com\/wp-content\/uploads\/2011\/10\/APDC0390-300x132.jpg\" alt=\"\" width=\"425\" height=\"187\" srcset=\"http:\/\/imamkoy.com\/wp-content\/uploads\/2011\/10\/APDC0390-300x132.jpg 300w, http:\/\/imamkoy.com\/wp-content\/uploads\/2011\/10\/APDC0390-1024x452.jpg 1024w, http:\/\/imamkoy.com\/wp-content\/uploads\/2011\/10\/APDC0390-500x221.jpg 500w\" sizes=\"auto, (max-width: 425px) 100vw, 425px\" \/><br \/>\n<strong>\u00c7e\u015fmenin Ayna Ta\u015f\u0131<\/strong><\/a><\/p>\n<p><strong>Bismill\u00e2hirrahm\u00e2nirrah\u00eem La ilahe illallah Muhammedun<\/strong><\/p>\n<p><strong>\u00c7E\u015eME BA\u015eI MUHAPBETLER\u0130&nbsp; NE&nbsp; HO\u015eTUR<\/strong><\/p>\n<p><strong>Bunun yan\u0131 s\u0131ra S\u0131\u011f\u0131r Here\u011fi \u00e7e\u015fmesi, kahve yan\u0131 \u00e7e\u015fmesi, Kadirlerin \u00c7e\u015fmesi, Cami Yan\u0131 \u00c7e\u015fmesi, Burgaz Fadimesi\u2019nin kap\u0131 \u00f6n\u00fcndeki \u00e7e\u015fme, Mezarl\u0131k \u00c7e\u015fmesi, Okul \u00c7e\u015fmesi, Ercep \u00c7avu\u015f Ay\u015fe\u2019nin evinin kar\u015f\u0131ndaki \u00e7e\u015fme, Nail Sabuncu\u2019nun artezyen kuyusu&nbsp; suyundan soka\u011fa \u00e7\u0131kard\u0131\u011f\u0131 \u00e7e\u015fme v.s imamk\u00f6y \u00e7e\u015fmelerindendir. Evde \u00e7e\u015fme olma\u011f\u0131 i\u00e7in hemen hemen b\u00fct\u00fcn sokaklarda \u00e7e\u015fme vard\u0131. Fakat bu \u00e7e\u015fmelerin tek eksi taraf\u0131 \u0130mamk\u00f6y\u2019\u00fcn \u00e7e\u015fmesi ne ho\u015f olur i\u00e7mesi diyemeyece\u011fim. Suyunun i\u00e7mesi ho\u015f de\u011fildi. K\u00f6y halk\u0131 tatl\u0131 suyu k\u00f6y\u00fcm\u00fcz\u00fcn kom\u015fusu olan P\u0131nar dere k\u00f6y\u00fcnden kendi imkanlar\u0131 ile getirirler yada Kocag\u00fcr k\u00f6y\u00fcnden \u0130bram amcan\u0131n Ayd\u0131n \u00c7ak\u0131rbeyli beldesinden tankerle getirdi\u011fi sudan parayla alarak i\u00e7me suyu ihtiya\u00e7lar\u0131n\u0131 kar\u015f\u0131larlard\u0131. <\/strong><\/p>\n<p><strong>&nbsp; &nbsp; &nbsp; &nbsp;&nbsp;<\/strong><strong>&nbsp; &nbsp; &nbsp; &nbsp; &nbsp; &nbsp;<\/strong><strong><a href=\"http:\/\/imamkoy.com\/wp-content\/uploads\/2011\/10\/APDC0196.jpg\"><img loading=\"lazy\" decoding=\"async\" class=\"wp-image-596 aligncenter\" title=\"APDC0196\" src=\"http:\/\/imamkoy.com\/wp-content\/uploads\/2011\/10\/APDC0196-300x281.jpg\" alt=\"\" width=\"418\" height=\"391\">Birde daha \u00e7ok \u00f6ncelerden erkeklerin k\u0131zlar\u0131 g\u00f6rd\u00fckleri ve be\u011fendikleri yer.<\/a><\/strong><strong><span style=\"font-family: Times New Roman;\"><span style=\"font-size: small;\"><span style=\"color: #000000;\">&nbsp; <\/span><\/span><\/span><\/strong><\/p>\n<p><span style=\"font-family: Times New Roman;\"><span style=\"font-size: small;\"><span style=\"color: #000000;\">&nbsp;<\/span><\/span><\/span><strong>Susad\u0131m \u00e7e\u015fmeye gelmez olayd\u0131m<\/strong><br \/>\n<strong>Elinden bir tas su i\u00e7mez olayd\u0131m<\/strong><br \/>\n<strong>Yolum d\u00fc\u015ft\u00fc k\u00f6y\u00fcn\u00fczden ge\u00e7mez olayd\u0131m<\/strong><\/p>\n<p><strong>Gelmez olayd\u0131m<\/strong><br \/>\n<strong>G\u00fczel y\u00fcz\u00fcn\u00fc<\/strong><br \/>\n<strong>G\u00f6rmez olayd\u0131m. Ferdi Tayfur filmi<\/strong><\/p>\n<p><strong><span style=\"font-size: small;\"><span style=\"color: #000000;\"><span style=\"font-family: Times New Roman;\">&nbsp; &nbsp; &nbsp;&nbsp;<\/span><\/span><\/span><\/strong><strong><span style=\"font-size: small;\"><span style=\"color: #000000;\"><span style=\"font-family: Times New Roman;\"><a href=\"http:\/\/imamkoy.com\/wp-content\/uploads\/2011\/10\/APDC0032.jpg\"><img loading=\"lazy\" decoding=\"async\" class=\"alignleft  wp-image-1961\" title=\"APDC0032\" src=\"http:\/\/imamkoy.com\/wp-content\/uploads\/2011\/10\/APDC0032-300x194.jpg\" alt=\"\" width=\"323\" height=\"209\" srcset=\"http:\/\/imamkoy.com\/wp-content\/uploads\/2011\/10\/APDC0032-300x194.jpg 300w, http:\/\/imamkoy.com\/wp-content\/uploads\/2011\/10\/APDC0032-1024x664.jpg 1024w, http:\/\/imamkoy.com\/wp-content\/uploads\/2011\/10\/APDC0032-462x300.jpg 462w\" sizes=\"auto, (max-width: 323px) 100vw, 323px\" \/><\/a><\/span><\/span><\/span><\/strong><\/p>\n<p style=\"text-align: justify;\"><strong>K\u00f6y\u00fcm\u00fcz\u00fcn ilk su deposu 1974 y\u0131l\u0131nda \u0130smail Karabulut&#8217;un arazisini depo yap\u0131lmas\u0131 i\u00e7in ba\u011f\u0131\u015flamas\u0131 \u00fczerine onun arazisine yap\u0131lm\u0131\u015ft\u0131r.&nbsp;<\/strong><\/p>\n<p><a href=\"http:\/\/imamkoy.com\/wp-content\/uploads\/2011\/10\/PICT0918.jpg\"><img loading=\"lazy\" decoding=\"async\" class=\"alignright size-medium wp-image-1963\" title=\"PICT0918\" src=\"http:\/\/imamkoy.com\/wp-content\/uploads\/2011\/10\/PICT0918-300x214.jpg\" alt=\"\" width=\"300\" height=\"214\" srcset=\"http:\/\/imamkoy.com\/wp-content\/uploads\/2011\/10\/PICT0918-300x214.jpg 300w, http:\/\/imamkoy.com\/wp-content\/uploads\/2011\/10\/PICT0918-1024x732.jpg 1024w, http:\/\/imamkoy.com\/wp-content\/uploads\/2011\/10\/PICT0918-419x300.jpg 419w, http:\/\/imamkoy.com\/wp-content\/uploads\/2011\/10\/PICT0918.jpg 1659w\" sizes=\"auto, (max-width: 300px) 100vw, 300px\" \/><\/a><\/p>\n<p><b>K\u00f6y\u00fcn 2. deposu \u00c7ay y\u00fcz\u00fc&nbsp;mahallesinde yap\u0131lm\u0131\u015ft\u0131r.<\/b><\/p>\n<p><strong>ILICA MEVK\u0130NE YAPILAN YEN\u0130 SU DEPOSU <\/strong><\/p>\n<p><strong>Daha b\u00fcy\u00fck kapasitelidir<\/strong><a href=\"http:\/\/imamkoy.com\/wp-content\/uploads\/2011\/10\/PICT0969.jpg\"><img loading=\"lazy\" decoding=\"async\" class=\"alignleft size-medium wp-image-1991\" title=\"PICT0969\" src=\"http:\/\/imamkoy.com\/wp-content\/uploads\/2011\/10\/PICT0969-300x288.jpg\" alt=\"\" width=\"300\" height=\"288\" srcset=\"http:\/\/imamkoy.com\/wp-content\/uploads\/2011\/10\/PICT0969-300x288.jpg 300w, http:\/\/imamkoy.com\/wp-content\/uploads\/2011\/10\/PICT0969-1024x983.jpg 1024w, http:\/\/imamkoy.com\/wp-content\/uploads\/2011\/10\/PICT0969-312x300.jpg 312w, http:\/\/imamkoy.com\/wp-content\/uploads\/2011\/10\/PICT0969.jpg 1175w\" sizes=\"auto, (max-width: 300px) 100vw, 300px\" \/><\/a><\/p>\n<p>Depo suyu \u0130kizdere baraj\u0131ndan gelmektedir.<\/p>\n<p><span style=\"font-size: small;\"><span style=\"color: #000000;\"><span style=\"font-family: Times New Roman;\">&nbsp;&nbsp;&nbsp;&nbsp;&nbsp;&nbsp;&nbsp;&nbsp;&nbsp;&nbsp;&nbsp; <strong><a href=\"http:\/\/imamkoy.com\/wp-content\/uploads\/2011\/10\/PICT10041.jpg\"><img loading=\"lazy\" decoding=\"async\" class=\"wp-image-602 aligncenter\" title=\"PICT1004\" src=\"http:\/\/imamkoy.com\/wp-content\/uploads\/2011\/10\/PICT10041-225x300.jpg\" alt=\"\" width=\"362\" height=\"483\" srcset=\"http:\/\/imamkoy.com\/wp-content\/uploads\/2011\/10\/PICT10041-225x300.jpg 225w, http:\/\/imamkoy.com\/wp-content\/uploads\/2011\/10\/PICT10041-768x1024.jpg 768w, http:\/\/imamkoy.com\/wp-content\/uploads\/2011\/10\/PICT10041.jpg 1920w\" sizes=\"auto, (max-width: 362px) 100vw, 362px\" \/><\/a><\/strong><\/span><\/span><\/span><\/p>\n<p><strong><span style=\"color: #ff0000;\"><a style=\"color: #ff0000;\" href=\"http:\/\/imamkoy.com\/wp-content\/uploads\/2011\/10\/PICT10041.jpg\">SOKAK FIRINLARI ve K\u00dcLT\u00dcRLER\u0130M\u0130Z&nbsp;<\/a><a style=\"color: #ff0000;\" href=\"http:\/\/imamkoy.com\/wp-content\/uploads\/2011\/10\/PICT10041.jpg\"> (T\u00fckendi.)<\/a><\/span><\/strong><\/p>\n<p><strong>Sokak aralar\u0131nda olan mahalle f\u0131r\u0131nlar\u0131 da \u00e7e\u015fme \u00f6zelliklerini ta\u015f\u0131m\u0131\u015ft\u0131r, baz\u0131 ki\u015filerin evinin bah\u00e7esinde veya&nbsp; &nbsp;soka\u011f\u0131n k\u00f6\u015fesinde bulunan f\u0131r\u0131nlar, \u00f6zel g\u00fcnlerde mahalleli taraf\u0131ndan &nbsp;\u00e7al\u0131 \u00e7\u0131rp\u0131 ile yak\u0131l\u0131r, tatl\u0131 maya veya ek\u015fi maya ekmek yap\u0131l\u0131rm\u0131\u015f, f\u0131r\u0131n ate\u015fleyen de kom\u015fulara haber verir f\u0131r\u0131n\u0131 yakt\u0131k gelin ekmek yap\u0131n diye hamurundan mayalamak i\u00e7in kom\u015fular\u0131na maya verirmi\u015f, \u0130mamk\u00f6y&#8217;de Sab\u0131r \u00e7avu\u015flar\u0131n Havva Mollan\u0131n,&nbsp; Molla \u0130bram kar\u0131s\u0131 Fadime Teyzenin, K\u00fc\u00e7\u00fck \u0130smet<\/strong><strong>\u2019<\/strong><strong>in, K\u0131rl\u0131 \u0130bram&#8217;in annesi G<\/strong><strong>\u00fc<\/strong><strong>s<\/strong><strong>\u00fc<\/strong><strong>n ninenin ekmek f\u0131r\u0131nlar\u0131 vard\u0131.&nbsp; Mahalleli ekme\u011fini orada yapar, c\u0131v\u0131l, c\u0131v\u0131l bir ortam olurdu<\/strong>. <strong>Herkes kurdu\u011fu ekme\u011fi yapar, ekmekler buram buram t\u00fcterdi. Kokmu\u015ftur diye kom\u015fulara da birer dilim verilirdi. veya f\u0131r\u0131n ba\u015f\u0131nda kesik ya\u011flamas\u0131, zeytin Allah ne verdiyse ekmekle yenilirdi. Ekmekten sonra kalan ate\u015fin k\u00f6z\u00fc \u00fczerinde f\u0131r\u0131nda patl\u0131canlar, biberler de k\u00f6zlenirdi.&nbsp; Eski k\u00f6yl\u00fc kad\u0131nlar \u00e7ok \u00e7al\u0131\u015fkan ve yard\u0131m severdi.<\/strong><\/p>\n<p><strong>&nbsp;<\/strong><strong>Be\u011fenelim ki : Daha iyi hizmet verelim.<\/strong><\/p>\n","protected":false},"excerpt":{"rendered":"<p>SOKAK \u00c7E\u015eMELER\u0130 \u00c7EVRE HABERLER\u0130N SUNULDU\u011eU YER &nbsp;\u00c7e\u015fme: \u00c7e\u015fme Fars\u00e7adan gelen bir c\u00fcmledir. G\u00f6z anlam\u0131ndad\u0131r. (\u0085..-1976)&nbsp; y\u0131llar\u0131 aras\u0131nda&nbsp; \u00e7e\u015fmeler evde olmad\u0131\u011f\u0131 i\u00e7in mahalle aralar\u0131nda yak\u0131n mesafelerde herkesin su ihtiyac\u0131n\u0131 kar\u015f\u0131layacak \u00e7e\u015fmeler vard\u0131. Bunlar baz\u0131 evlere \u00e7ok yak\u0131n, baz\u0131lar\u0131na uzakt\u0131. \u015eans meselesi, yak\u0131n olanlar \u015fansl\u0131yd\u0131. \u0130nsanlar evlerinin \u00f6n\u00fcn\u00fc (toprak) bah\u00e7eleri, sokaklar\u0131&nbsp; buradan sularlard\u0131. O d\u00f6nemde \u0130mamk\u00f6y&#8217;de ve &hellip; <a href=\"http:\/\/imamkoy.com\/index.php\/imamkoyun-eski-cesmeleri-ve-sokak-firinlari\/\" class=\"more-link\">Okumaya devam et <span class=\"screen-reader-text\">\u0130mamk\u00f6y&#8217;\u00fcn Eski Sokak \u00c7e\u015fmeleri ve Sokak F\u0131r\u0131nlar\u0131 Foto\u011fraflarla (Eski K\u00fclt\u00fcrlerimiz)<\/span><\/a><\/p>\n","protected":false},"author":1,"featured_media":0,"parent":0,"menu_order":0,"comment_status":"open","ping_status":"open","template":"","meta":{"footnotes":""},"class_list":["post-544","page","type-page","status-publish","hentry"],"_links":{"self":[{"href":"http:\/\/imamkoy.com\/index.php\/wp-json\/wp\/v2\/pages\/544","targetHints":{"allow":["GET"]}}],"collection":[{"href":"http:\/\/imamkoy.com\/index.php\/wp-json\/wp\/v2\/pages"}],"about":[{"href":"http:\/\/imamkoy.com\/index.php\/wp-json\/wp\/v2\/types\/page"}],"author":[{"embeddable":true,"href":"http:\/\/imamkoy.com\/index.php\/wp-json\/wp\/v2\/users\/1"}],"replies":[{"embeddable":true,"href":"http:\/\/imamkoy.com\/index.php\/wp-json\/wp\/v2\/comments?post=544"}],"version-history":[{"count":130,"href":"http:\/\/imamkoy.com\/index.php\/wp-json\/wp\/v2\/pages\/544\/revisions"}],"predecessor-version":[{"id":8734,"href":"http:\/\/imamkoy.com\/index.php\/wp-json\/wp\/v2\/pages\/544\/revisions\/8734"}],"wp:attachment":[{"href":"http:\/\/imamkoy.com\/index.php\/wp-json\/wp\/v2\/media?parent=544"}],"curies":[{"name":"wp","href":"https:\/\/api.w.org\/{rel}","templated":true}]}}