{"id":5641,"date":"2020-07-10T14:37:14","date_gmt":"2020-07-10T13:37:14","guid":{"rendered":"http:\/\/imamkoy.com\/?page_id=5641"},"modified":"2026-04-03T12:27:04","modified_gmt":"2026-04-03T11:27:04","slug":"duymadiginiz-halk-hikayeleri","status":"publish","type":"page","link":"http:\/\/imamkoy.com\/index.php\/duymadiginiz-halk-hikayeleri\/","title":{"rendered":"Okumaya doyam\u0131yaca\u011f\u0131n\u0131z Halk Hikayeleri (Ya\u015fanm\u0131\u015f olan ve Ger\u00e7e\u011fe Yak\u0131n  Hikayeler)"},"content":{"rendered":"\n<p>Derleyen: Nermin Karabulut<\/p>\n\n\n<p style=\"text-align: left;\"><span style=\"color: #ff0000;\"><strong>AMANSIZ HASTALI\u011eA YAKALANMI\u015e&nbsp; (Kanser)<\/strong><\/span><\/p>\n<p><b>&nbsp;&nbsp;&nbsp;&nbsp;&nbsp;&nbsp;&nbsp;&nbsp;&nbsp;&nbsp;&nbsp;&nbsp; &nbsp;Adam\u0131n birisi aniden rahats\u0131zlanm\u0131\u015f doktora gitmi\u015f, doktor hastaya muayene etmi\u015f ba\u015f\u0131n\u0131 sallam\u0131\u015f, amans\u0131z (kanser) k\u00f6t\u00fc hastal\u0131\u011fa yakanm\u0131\u015fs\u0131n\u0131z demi\u015f, adamca\u011f\u0131z\u0131n &nbsp;ba\u015f\u0131ndan kaynar sular d\u00f6k\u00fclm\u00fc\u015f, peki doktor ne kadar \u00f6mr\u00fcm kalm\u0131\u015f s\u00f6yler misiniz? Doktor Allahtan \u00fcmit kesilmez ama belki \u00fc\u00e7 g\u00fcn belki \u00fc\u00e7 ay \u00f6mr\u00fcn\u00fcz kalm\u0131\u015f mutlu olmak i\u00e7in ne gerekirse yap\u0131n \u00f6mr\u00fcn\u00fcz\u00fcn bu son g\u00fcnlerinde demi\u015f, adam \u00fczg\u00fcn peri\u015fan evine gitmek i\u00e7in&nbsp; yolla &nbsp;koyulmu\u015f, ayaklar\u0131n\u0131n derman\u0131 kesilmi\u015f yolda a\u011fa\u00e7 g\u00f6rm\u00fc\u015f g\u00f6lgesinde biraz soluklanay\u0131m, kendime geleyim demi\u015f, orada d\u00fc\u015f\u00fcnmeye \u00e7al\u0131\u015fm\u0131\u015f k\u0131sac\u0131k kalan \u00f6mr\u00fcnde neleri hayat\u0131na s\u0131\u011fd\u0131rabilecek &nbsp;film \u015feridi gibi hayat\u0131 g\u00f6zlerinin \u00f6n\u00fcne gelmi\u015f ke\u015fkeleri, pi\u015fmanl\u0131klar\u0131 \u00f6ylece dalm\u0131\u015f, d\u00fc\u015f\u00fcnm\u00fc\u015f ya\u015fay\u0131p ya\u015fayamad\u0131klar\u0131n\u0131 \u00e7ocuklar\u0131n\u0131n M\u00fcrvetlerini g\u00f6rememi\u015f daha, g\u00f6zlerinden ya\u015flar s\u00fcz\u00fclm\u00fc\u015f, birden bir ses duymu\u015f&nbsp; otlar\u0131n \u00e7al\u0131lar\u0131n &nbsp;aras\u0131ndan sesin geldi\u011fi tarafa bakm\u0131\u015f bir y\u0131lan kusuyor, hi\u00e7 ellememi\u015f \u00f6ylece bakm\u0131\u015f, y\u0131lan kusma i\u015fini bitirmi\u015f yava\u015f\u00e7a oradan zikzak \u00e7izerek gitmi\u015f adam d\u00fc\u015f\u00fcnm\u00fc\u015f sonu \u00f6l\u00fcm de\u011fil mi bunun demi\u015f, \u015fu y\u0131lan\u0131n kusmu\u011funu yiyeyim de daha \u00e7abuk \u00f6leyim demi\u015f, ve yemi\u015f sonra \u00f6l\u00fcm\u00fc bekler olmu\u015f, aradan zaman ge\u00e7iyor. Adam g\u00fcnden g\u00fcne iyile\u015fmeye ba\u015flam\u0131\u015f eski s\u0131hhatine kavu\u015fmu\u015f, tekrar doktora gitmi\u015f doktor bey demi\u015f hani bana \u00fc\u00e7 sonra \u00f6lecektiniz dediniz ben iyile\u015ftim bak demi\u015f doktor ba\u015f\u0131n\u0131 sallam\u0131\u015f, ben onun ilac\u0131n\u0131 biliyordum. Adam \u015fa\u015f\u0131rm\u0131\u015f,<\/b><!-- x-tinymce\/html --><!-- x-tinymce\/html --><strong><a href=\"http:\/\/imamkoy.com\/wp-content\/uploads\/2020\/07\/indir.jpg\"><img loading=\"lazy\" decoding=\"async\" class=\"size-full wp-image-5645 alignleft\" src=\"http:\/\/imamkoy.com\/wp-content\/uploads\/2020\/07\/indir.jpg\" alt=\"\" width=\"302\" height=\"167\" srcset=\"http:\/\/imamkoy.com\/wp-content\/uploads\/2020\/07\/indir.jpg 302w, http:\/\/imamkoy.com\/wp-content\/uploads\/2020\/07\/indir-300x166.jpg 300w\" sizes=\"auto, (max-width: 302px) 100vw, 302px\" \/><\/a><\/strong><\/p>\n<p style=\"text-align: right;\"><strong>Nerden bilirdim ki onu bulaca\u011f\u0131n\u0131z\u0131 demi\u015f, y\u0131lan\u0131 sar\u0131 ine\u011fi emdirip, sonra kusmas\u0131n\u0131 sa\u011flay\u0131p onu size nas\u0131l yedirecektim. Hastal\u0131\u011f\u0131n\u0131z\u0131n ilac\u0131 oydu demi\u015f doktor art\u0131k hastal\u0131\u011f\u0131n\u0131z\u0131 atlatm\u0131\u015fs\u0131n\u0131z size sa\u011fl\u0131kl\u0131 y\u0131llar dilerim. Adam sa\u011fl\u0131kl\u0131 olman\u0131n mutlulu\u011fu ile doktora sar\u0131lm\u0131\u015f, hayatta hi\u00e7bir zaman umutsuzlu\u011fa kap\u0131lmamak oldu\u011funu anlam\u0131\u015f, bu gibi hastalar\u0131m\u0131za acil \u015fifalar dilerim. Unutmayal\u0131m derdini veren Allah derman\u0131na da verir. N. Karabulut <\/strong><\/p>\n<p><a href=\"http:\/\/imamkoy.com\/wp-content\/uploads\/2022\/01\/indir-z.jpg\"><img loading=\"lazy\" decoding=\"async\" class=\"wp-image-6758 aligncenter\" title=\"\u00c7OBAN\" src=\"http:\/\/imamkoy.com\/wp-content\/uploads\/2022\/01\/indir-z.jpg\" alt=\"\" width=\"434\" height=\"434\" srcset=\"http:\/\/imamkoy.com\/wp-content\/uploads\/2022\/01\/indir-z.jpg 225w, http:\/\/imamkoy.com\/wp-content\/uploads\/2022\/01\/indir-z-150x150.jpg 150w\" sizes=\"auto, (max-width: 434px) 100vw, 434px\" \/><\/a><\/p>\n<p><strong><span style=\"color: #ff0000;\">\u00c7OBAN ve \u0130BADET&nbsp;<\/span><\/strong><\/p>\n<p><strong>Bir g\u00fcn da\u011fda koyunlar\u0131n\u0131 \u00e7oban her zaman yapt\u0131\u011f\u0131 gibi da\u011fdan a\u015fa\u011f\u0131 do\u011fru yuvarlan\u0131yormu\u015f, sonra<\/strong> t<strong>ekrar da\u011fa \u00e7\u0131k\u0131yormu\u015f oradan ge\u00e7mekte olan din ve ibadet konusunda kendisine yeterli donan\u0131m\u0131n oldu\u011funu d\u00fc\u015f\u00fcnen din adam\u0131 (hoca) biraz \u00e7oban\u0131 seyretmi\u015f ne yap\u0131yor bu \u00e7oban demi\u015f kendi kendine sonra \u00e7oban\u0131 yan\u0131na \u00e7a\u011f\u0131rm\u0131\u015f &#8221;<span style=\"color: #ff0000;\">\u00c7<\/span><span style=\"font-size: inherit;\"><span style=\"color: #ff0000;\">oban o\u011flum ne yap\u0131yorsun sen \u00f6yle<\/span>&#8221; demi\u015f, \u00e7oban mahcup, \u00e7ekingen bir ses tonuyla, &#8221;<span style=\"color: #ff0000;\">Allaha ibadet ediyorum.&#8221;<\/span> Namaz k\u0131l\u0131yorum. demi\u015f,<\/span><\/strong><\/p>\n<p><strong>-Namaz \u00f6yle k\u0131l\u0131nmaz demi\u015f hoca \u00f6nce abdest alacaks\u0131n, su bulamazsan toprakla&nbsp; teyemm\u00fcm edeceksin, sonra k\u0131bleye do\u011fru d\u00f6neceksin, Allah i\u00e7in niyet namazda&nbsp; k\u0131lmaya diye niyetini belirteceksin, namazda uygulanacak olan kurallar\u0131 \u00e7obana bir bir anlatm\u0131\u015f ve&nbsp; yoluna devam etmi\u015f, hoca gittikten sonra \u00e7oban hemen unutmadan namaz\u0131m\u0131 k\u0131lay\u0131m demi\u015f, durmu\u015f k\u0131bleye ama, hocan\u0131n s\u00f6ylediklerini \u00e7oktan unutmu\u015f, hemen ko\u015fup yeti\u015feyim hocaya tekrar soray\u0131m fazla uzakla\u015fmam\u0131\u015ft\u0131r herhalde diye ko\u015fmu\u015f, soluk solu\u011fa hocaya yeti\u015fmi\u015f, hocam hocam diye arkas\u0131ndan ba\u011f\u0131rm\u0131\u015f, hoca d\u00f6nm\u00fc\u015f geriye do\u011fru bakm\u0131\u015f, <\/strong><\/p>\n<p><strong>O ne? g\u00f6zlerine inanamam\u0131\u015f \u00e7oban denizin \u00fcst\u00fcnde y\u00fcr\u00fcyor.&nbsp; \u00c7oban\u0131n yapm\u0131\u015f oldu\u011fu ibadetleri&nbsp; hep kabul olmu\u015f, Hoca \u00e7obana d\u00f6nerek sen nas\u0131l biliyorsan \u00f6yle yap demi\u015f Sen zaten erenlerdensin,&nbsp; Allah senin dualar\u0131n\u0131&nbsp; kabul demi\u015f, ibadettin kural\u0131 olamaz demi\u015f,&nbsp; ve hoca yoluna devam etmi\u015f, Buradan \u00e7\u0131kan sonu\u00e7 ne yaparsan Allah i\u00e7in yapacaks\u0131n, g\u00f6steri\u015f i\u00e7in de\u011fil saf ve d\u00fcr\u00fcst olacaks\u0131n, i\u00e7ten dua etmek \u00e7ok \u00f6nemli Allah dualar\u0131m\u0131z\u0131n ibadetimizin&nbsp; kabul eylesin AM\u0130N Hz: Nermin KARABULUT&nbsp;<\/strong><\/p>\n<p style=\"text-align: left;\"><\/p>","protected":false},"excerpt":{"rendered":"<p>Derleyen: Nermin Karabulut AMANSIZ HASTALI\u011eA YAKALANMI\u015e&nbsp; (Kanser) &nbsp;&nbsp;&nbsp;&nbsp;&nbsp;&nbsp;&nbsp;&nbsp;&nbsp;&nbsp;&nbsp;&nbsp; &nbsp;Adam\u0131n birisi aniden rahats\u0131zlanm\u0131\u015f doktora gitmi\u015f, doktor hastaya muayene etmi\u015f ba\u015f\u0131n\u0131 sallam\u0131\u015f, amans\u0131z (kanser) k\u00f6t\u00fc hastal\u0131\u011fa yakanm\u0131\u015fs\u0131n\u0131z demi\u015f, adamca\u011f\u0131z\u0131n &nbsp;ba\u015f\u0131ndan kaynar sular d\u00f6k\u00fclm\u00fc\u015f, peki doktor ne kadar \u00f6mr\u00fcm kalm\u0131\u015f s\u00f6yler misiniz? Doktor Allahtan \u00fcmit kesilmez ama belki \u00fc\u00e7 g\u00fcn belki \u00fc\u00e7 ay \u00f6mr\u00fcn\u00fcz kalm\u0131\u015f mutlu olmak i\u00e7in &hellip; <a href=\"http:\/\/imamkoy.com\/index.php\/duymadiginiz-halk-hikayeleri\/\" class=\"more-link\">Okumaya devam et <span class=\"screen-reader-text\">Okumaya doyam\u0131yaca\u011f\u0131n\u0131z Halk Hikayeleri (Ya\u015fanm\u0131\u015f olan ve Ger\u00e7e\u011fe Yak\u0131n  Hikayeler)<\/span><\/a><\/p>\n","protected":false},"author":1,"featured_media":0,"parent":0,"menu_order":0,"comment_status":"closed","ping_status":"closed","template":"","meta":{"footnotes":""},"class_list":["post-5641","page","type-page","status-publish","hentry"],"_links":{"self":[{"href":"http:\/\/imamkoy.com\/index.php\/wp-json\/wp\/v2\/pages\/5641","targetHints":{"allow":["GET"]}}],"collection":[{"href":"http:\/\/imamkoy.com\/index.php\/wp-json\/wp\/v2\/pages"}],"about":[{"href":"http:\/\/imamkoy.com\/index.php\/wp-json\/wp\/v2\/types\/page"}],"author":[{"embeddable":true,"href":"http:\/\/imamkoy.com\/index.php\/wp-json\/wp\/v2\/users\/1"}],"replies":[{"embeddable":true,"href":"http:\/\/imamkoy.com\/index.php\/wp-json\/wp\/v2\/comments?post=5641"}],"version-history":[{"count":34,"href":"http:\/\/imamkoy.com\/index.php\/wp-json\/wp\/v2\/pages\/5641\/revisions"}],"predecessor-version":[{"id":8802,"href":"http:\/\/imamkoy.com\/index.php\/wp-json\/wp\/v2\/pages\/5641\/revisions\/8802"}],"wp:attachment":[{"href":"http:\/\/imamkoy.com\/index.php\/wp-json\/wp\/v2\/media?parent=5641"}],"curies":[{"name":"wp","href":"https:\/\/api.w.org\/{rel}","templated":true}]}}